{"id":45,"date":"2020-10-22T16:54:44","date_gmt":"2020-10-22T13:54:44","guid":{"rendered":"https:\/\/startertemplatecloud.com\/e02\/?post_type=product&#038;p=45"},"modified":"2025-09-04T09:49:44","modified_gmt":"2025-09-04T12:49:44","slug":"t-shirt-ne","status":"publish","type":"product","link":"https:\/\/editorapaideia.com.br\/index.php\/produto\/t-shirt-ne\/","title":{"rendered":"Agonia das Religi\u00f5es"},"content":{"rendered":"<p><strong>Formato:<\/strong>\u00a014&#215;21 &#8211; 127 p\u00e1ginas<\/p>\n<p>As religi\u00f5es aparecem como cria\u00e7\u00f5es humanas que nascem do esfor\u00e7o do homem para compreender o mundo. Ao conceitua-las o autor lhes nega a origem divina que todas elas se arrogam. Apesar disso, admite as revela\u00e7\u00f5es como ocorr\u00eancias naturais do processo de desenvolvimento do homem na Terra. N\u00e3o se trata de uma interpreta\u00e7\u00e3o materialista do fen\u00f4meno religioso. O que mais agrada neste livro \u00e9 o jogo de contradi\u00e7\u00f5es aparentes que v\u00e3o se diluindo em fus\u00f5es naturais dos opostos, n\u00e3o no sentido dial\u00e9tico de luta, mas no sentido (segundo a dial\u00e9tica de Hammeleim) de conjuga\u00e7\u00e3o complementar dos opostos. Por exemplo: magia e misticismo fundem-se na mitologia. E, mitologia e m\u00edstica fundem-se nas religi\u00f5es crist\u00e3s. Nessa seq\u00fc\u00eancia hist\u00f3rica, o autor sustenta que as religi\u00f5es atuais est\u00e3o em agonia e v\u00e3o morrer, como as antigas morreram, o que provocar\u00e1 um novo surto religioso de natureza superior. Como vemos a posi\u00e7\u00e3o do autor \u00e9 nova e revolucion\u00e1ria, abrindo novas possibilidades para a compreens\u00e3o do fen\u00f4meno religioso.<\/p>\n","protected":false},"excerpt":{"rendered":"<p>As religi\u00f5es aparecem como cria\u00e7\u00f5es humanas que nascem do esfor\u00e7o do homem para compreender o mundo. Ao conceitua-las o autor lhes nega a origem divina que todas elas se arrogam. Apesar disso, admite as revela\u00e7\u00f5es como ocorr\u00eancias naturais do processo de desenvolvimento do homem na Terra. N\u00e3o se trata de uma interpreta\u00e7\u00e3o materialista do fen\u00f4meno religioso. O que mais agrada neste livro \u00e9 o jogo de contradi\u00e7\u00f5es aparentes que v\u00e3o se diluindo em fus\u00f5es naturais dos opostos, n\u00e3o no sentido dial\u00e9tico de luta, mas no sentido (segundo a dial\u00e9tica de Hammeleim) de conjuga\u00e7\u00e3o complementar dos opostos.<\/p>\n","protected":false},"featured_media":1264,"comment_status":"open","ping_status":"closed","template":"","meta":{"_kadence_starter_templates_imported_post":true,"_kad_post_transparent":"default","_kad_post_title":"","_kad_post_layout":"default","_kad_post_sidebar_id":"","_kad_post_content_style":"default","_kad_post_vertical_padding":"default","_kad_post_feature":"","_kad_post_feature_position":"","_kad_post_header":false,"_kad_post_footer":false},"product_brand":[],"product_cat":[31,19],"product_tag":[],"class_list":{"0":"post-45","1":"product","2":"type-product","3":"status-publish","4":"has-post-thumbnail","6":"product_cat-doutrina-espirita","7":"product_cat-estudos","9":"first","10":"instock","11":"featured","12":"shipping-taxable","13":"purchasable","14":"product-type-simple","15":"entry","16":"content-bg","17":"loop-entry"},"_links":{"self":[{"href":"https:\/\/editorapaideia.com.br\/index.php\/wp-json\/wp\/v2\/product\/45","targetHints":{"allow":["GET"]}}],"collection":[{"href":"https:\/\/editorapaideia.com.br\/index.php\/wp-json\/wp\/v2\/product"}],"about":[{"href":"https:\/\/editorapaideia.com.br\/index.php\/wp-json\/wp\/v2\/types\/product"}],"replies":[{"embeddable":true,"href":"https:\/\/editorapaideia.com.br\/index.php\/wp-json\/wp\/v2\/comments?post=45"}],"wp:featuredmedia":[{"embeddable":true,"href":"https:\/\/editorapaideia.com.br\/index.php\/wp-json\/wp\/v2\/media\/1264"}],"wp:attachment":[{"href":"https:\/\/editorapaideia.com.br\/index.php\/wp-json\/wp\/v2\/media?parent=45"}],"wp:term":[{"taxonomy":"product_brand","embeddable":true,"href":"https:\/\/editorapaideia.com.br\/index.php\/wp-json\/wp\/v2\/product_brand?post=45"},{"taxonomy":"product_cat","embeddable":true,"href":"https:\/\/editorapaideia.com.br\/index.php\/wp-json\/wp\/v2\/product_cat?post=45"},{"taxonomy":"product_tag","embeddable":true,"href":"https:\/\/editorapaideia.com.br\/index.php\/wp-json\/wp\/v2\/product_tag?post=45"}],"curies":[{"name":"wp","href":"https:\/\/api.w.org\/{rel}","templated":true}]}}