{"id":1955,"date":"2023-07-30T10:03:58","date_gmt":"2023-07-30T13:03:58","guid":{"rendered":"https:\/\/editorapaideia.com.br\/?post_type=product&#038;p=1955"},"modified":"2026-03-14T22:56:41","modified_gmt":"2026-03-15T01:56:41","slug":"as-consolacoes-da-filosofia-espirita","status":"publish","type":"product","link":"http:\/\/editorapaideia.com.br\/index.php\/produto\/as-consolacoes-da-filosofia-espirita\/","title":{"rendered":"As Consola\u00e7\u00f5es da Filosofia Esp\u00edrita"},"content":{"rendered":"<div dir=\"ltr\">\n<div><i>A Consolac\u0327a\u0303o da filosofia<\/i>\u00a0representa um marco indele\u0301vel que precisamos resgatar para este peri\u0301odo aziago em que vivemos. Assim como esse livro marcou uma e\u0301poca, a filosofia espi\u0301rita, consoladora por si mesma e sob a promessa do Espi\u0301rito da Verdade, representa o segundo marco da filosofia, desta vez acrescida dos conceitos e comprovac\u0327o\u0303es sobre a vida apo\u0301s a morte, a imortalidade da alma, a comunicabilidade dos espi\u0301ritos, a inega\u0301vel, inequi\u0301voca e inquestiona\u0301vel existe\u0302ncia de Deus, e todo o conhecimento que ela resgata e renova com o desenvolvimento da cie\u0302ncia, renovando ainda o conceito de\u00a0<i>fe\u0301\u00a0<\/i>e\u00a0<i>raza\u0303o<\/i>, por isso e\u0301 duplamente consoladora.<b><br \/>\n<\/b><\/div>\n<div>A autora \u00e9 fil\u00f3sofa e fil\u00f3sofa esp\u00edrita. Com forma\u00e7\u00e3o acad\u00eamica em Filosofia e Ingl\u00eas, \u00e9 autodidata em pesquisas sobre hist\u00f3ria antiga, com \u00eanfase em Gr\u00e9cia e Roma, e religi\u00e3o comparada, tendo desenvolvido pesquisas na It\u00e1lia e Israel.\u00a0Fundou o CEFE \u2013 Centro de Estudos Filos\u00f3ficos Esp\u00edritas.<\/div>\n<\/div>\n","protected":false},"excerpt":{"rendered":"<p>A Consolac\u0327a\u0303o da filosofia representa um marco indele\u0301vel que precisamos resgatar para este peri\u0301odo aziago em que vivemos. Conceitos e comprovac\u0327o\u0303es sobre a vida apo\u0301s a morte, a imortalidade da alma, a comunicabilidade dos espi\u0301ritos, a inega\u0301vel, inequi\u0301voca e inquestiona\u0301vel existe\u0302ncia de Deus, e todo o conhecimento que ela resgata e renova com o desenvolvimento da cie\u0302ncia, renovando ainda o conceito de fe\u0301 e raza\u0303o, por isso e\u0301 duplamente consoladora<\/p>\n","protected":false},"featured_media":1956,"comment_status":"open","ping_status":"closed","template":"","meta":{"_kadence_starter_templates_imported_post":false,"_kad_post_transparent":"default","_kad_post_title":"","_kad_post_layout":"default","_kad_post_sidebar_id":"","_kad_post_content_style":"default","_kad_post_vertical_padding":"default","_kad_post_feature":"","_kad_post_feature_position":"","_kad_post_header":false,"_kad_post_footer":false},"product_brand":[],"product_cat":[31,32],"product_tag":[],"class_list":{"0":"post-1955","1":"product","2":"type-product","3":"status-publish","4":"has-post-thumbnail","6":"product_cat-doutrina-espirita","7":"product_cat-filosofia","9":"first","10":"instock","11":"downloadable","12":"shipping-taxable","13":"purchasable","14":"product-type-simple","15":"entry","16":"content-bg","17":"loop-entry"},"_links":{"self":[{"href":"http:\/\/editorapaideia.com.br\/index.php\/wp-json\/wp\/v2\/product\/1955","targetHints":{"allow":["GET"]}}],"collection":[{"href":"http:\/\/editorapaideia.com.br\/index.php\/wp-json\/wp\/v2\/product"}],"about":[{"href":"http:\/\/editorapaideia.com.br\/index.php\/wp-json\/wp\/v2\/types\/product"}],"replies":[{"embeddable":true,"href":"http:\/\/editorapaideia.com.br\/index.php\/wp-json\/wp\/v2\/comments?post=1955"}],"wp:featuredmedia":[{"embeddable":true,"href":"http:\/\/editorapaideia.com.br\/index.php\/wp-json\/wp\/v2\/media\/1956"}],"wp:attachment":[{"href":"http:\/\/editorapaideia.com.br\/index.php\/wp-json\/wp\/v2\/media?parent=1955"}],"wp:term":[{"taxonomy":"product_brand","embeddable":true,"href":"http:\/\/editorapaideia.com.br\/index.php\/wp-json\/wp\/v2\/product_brand?post=1955"},{"taxonomy":"product_cat","embeddable":true,"href":"http:\/\/editorapaideia.com.br\/index.php\/wp-json\/wp\/v2\/product_cat?post=1955"},{"taxonomy":"product_tag","embeddable":true,"href":"http:\/\/editorapaideia.com.br\/index.php\/wp-json\/wp\/v2\/product_tag?post=1955"}],"curies":[{"name":"wp","href":"https:\/\/api.w.org\/{rel}","templated":true}]}}

As Consolações da Filosofia Espírita

<div dir="ltr">
<div><i>A Consolação da filosofia</i> representa um marco indelével que precisamos resgatar para este período aziago em que vivemos. Assim como esse livro marcou uma época, a filosofia espírita, consoladora por si mesma e sob a promessa do Espírito da Verdade, representa o segundo marco da filosofia, desta vez acrescida dos conceitos e comprovações sobre a vida após a morte, a imortalidade da alma, a comunicabilidade dos espíritos, a inegável, inequívoca e inquestionável existência de Deus, e todo o conhecimento que ela resgata e renova com o desenvolvimento da ciência, renovando ainda o conceito de <i>fé </i>e <i>razão</i>, por isso é duplamente consoladora.<b><br />
</b></div>
<div>A autora é filósofa e filósofa espírita. Com formação acadêmica em Filosofia e Inglês, é autodidata em pesquisas sobre história antiga, com ênfase em Grécia e Roma, e religião comparada, tendo desenvolvido pesquisas na Itália e Israel. Fundou o CEFE – Centro de Estudos Filosóficos Espíritas.</div>
</div>
