{"id":1897,"date":"2023-04-28T14:31:02","date_gmt":"2023-04-28T17:31:02","guid":{"rendered":"https:\/\/editorapaideia.com.br\/?post_type=product&#038;p=1897"},"modified":"2026-01-05T10:18:07","modified_gmt":"2026-01-05T13:18:07","slug":"o-ser-e-a-serenidade","status":"publish","type":"product","link":"https:\/\/editorapaideia.com.br\/index.php\/produto\/o-ser-e-a-serenidade\/","title":{"rendered":"O Ser e a Serenidade"},"content":{"rendered":"<div><b>SINOPSE:\u00a0<\/b><\/div>\n<div><i>&#8220;A<\/i>\u00a0busca da serenidade na obra de Herculano n\u00e3o apresenta uma evas\u00e3o da realidade nem tampouco um escapismo \u00e9tico do homem ante os grandes problemas sociais. O tema da serenidade representa, pois, uma atitude frente ao mundo, ou seja, um estado de consci\u00eancia superior para resistir \u00e0s for\u00e7as negativas circundantes, as quais violentam contrariamente o &#8216;estar-no-mundo&#8217; do esp\u00edrito encarnado. (Humberto Mariotti)<\/div>\n<div><\/div>\n<div><i>O Ser e a Serenidade<\/i> \u00e9 uma obra densa com grande profundidade filos\u00f3fica e beleza pura,\u201ccujo objetivo n\u00e3o foi colocar o problema do existencialismo esp\u00edrita e, sim, expor uma reflex\u00e3o que mergulhasse no problema do Ser\u201d, segundo Herculano.<\/div>\n","protected":false},"excerpt":{"rendered":"<p><i>O Ser e a Serenidade<\/i> \u00e9 uma obra densa com grande profundidade filos\u00f3fica e beleza pura,\u201ccujo objetivo n\u00e3o foi colocar o problema do existencialismo esp\u00edrita e, sim, expor uma reflex\u00e3o que mergulhasse no problema do Ser\u201d, segundo Herculano.<\/p>\n","protected":false},"featured_media":1898,"comment_status":"open","ping_status":"closed","template":"","meta":{"_kadence_starter_templates_imported_post":false,"_kad_post_transparent":"default","_kad_post_title":"","_kad_post_layout":"default","_kad_post_sidebar_id":"","_kad_post_content_style":"default","_kad_post_vertical_padding":"default","_kad_post_feature":"","_kad_post_feature_position":"","_kad_post_header":false,"_kad_post_footer":false},"product_brand":[],"product_cat":[32],"product_tag":[],"class_list":{"0":"post-1897","1":"product","2":"type-product","3":"status-publish","4":"has-post-thumbnail","6":"product_cat-filosofia","8":"first","9":"instock","10":"shipping-taxable","11":"purchasable","12":"product-type-simple","13":"entry","14":"content-bg","15":"loop-entry"},"_links":{"self":[{"href":"https:\/\/editorapaideia.com.br\/index.php\/wp-json\/wp\/v2\/product\/1897","targetHints":{"allow":["GET"]}}],"collection":[{"href":"https:\/\/editorapaideia.com.br\/index.php\/wp-json\/wp\/v2\/product"}],"about":[{"href":"https:\/\/editorapaideia.com.br\/index.php\/wp-json\/wp\/v2\/types\/product"}],"replies":[{"embeddable":true,"href":"https:\/\/editorapaideia.com.br\/index.php\/wp-json\/wp\/v2\/comments?post=1897"}],"wp:featuredmedia":[{"embeddable":true,"href":"https:\/\/editorapaideia.com.br\/index.php\/wp-json\/wp\/v2\/media\/1898"}],"wp:attachment":[{"href":"https:\/\/editorapaideia.com.br\/index.php\/wp-json\/wp\/v2\/media?parent=1897"}],"wp:term":[{"taxonomy":"product_brand","embeddable":true,"href":"https:\/\/editorapaideia.com.br\/index.php\/wp-json\/wp\/v2\/product_brand?post=1897"},{"taxonomy":"product_cat","embeddable":true,"href":"https:\/\/editorapaideia.com.br\/index.php\/wp-json\/wp\/v2\/product_cat?post=1897"},{"taxonomy":"product_tag","embeddable":true,"href":"https:\/\/editorapaideia.com.br\/index.php\/wp-json\/wp\/v2\/product_tag?post=1897"}],"curies":[{"name":"wp","href":"https:\/\/api.w.org\/{rel}","templated":true}]}}

<div><b>SINOPSE: </b></div>
<div><i>&#8220;A</i> busca da serenidade na obra de Herculano não apresenta uma evasão da realidade nem tampouco um escapismo ético do homem ante os grandes problemas sociais. O tema da serenidade representa, pois, uma atitude frente ao mundo, ou seja, um estado de consciência superior para resistir às forças negativas circundantes, as quais violentam contrariamente o &#8216;estar-no-mundo&#8217; do espírito encarnado. (Humberto Mariotti)</div>
<div></div>
<div><i>O Ser e a Serenidade</i> é uma obra densa com grande profundidade filosófica e beleza pura,“cujo objetivo não foi colocar o problema do existencialismo espírita e, sim, expor uma reflexão que mergulhasse no problema do Ser”, segundo Herculano.</div>

<p><i>O Ser e a Serenidade</i> é uma obra densa com grande profundidade filosófica e beleza pura,“cujo objetivo não foi colocar o problema do existencialismo espírita e, sim, expor uma reflexão que mergulhasse no problema do Ser”, segundo Herculano.</p>
