{"id":1748,"date":"2022-11-24T13:22:34","date_gmt":"2022-11-24T16:22:34","guid":{"rendered":"http:\/\/editorapaideia.com.br\/?post_type=product&#038;p=1748"},"modified":"2024-12-03T15:11:54","modified_gmt":"2024-12-03T18:11:54","slug":"conversa-sobre-chico-xavier","status":"publish","type":"product","link":"https:\/\/editorapaideia.com.br\/index.php\/produto\/conversa-sobre-chico-xavier\/","title":{"rendered":"Conversa sobre Chico Xavier + Parapsicologia, Reencarna\u00e7\u00e3o, Outros Temas"},"content":{"rendered":"<p><b>AUTOR:<\/b>\u00a0J. Herculano Pires (Org. Wilson Garcia)<\/p>\n<p>A produ\u00e7\u00e3o liter\u00e1ria do prof. J. Herculano Pires alcan\u00e7ou dimens\u00f5es extraordin\u00e1rias e o fato de a Funda\u00e7\u00e3o Maria Virg\u00ednia e J. Herculano Pires estar, desde sua cria\u00e7\u00e3o, em 2001, trabalhando sobre o material deixado por ele, \u00e9 uma prova inconteste dessa produ\u00e7\u00e3o.<br \/>\nDentre os muitos frutos desse trabalho, estamos publicando a s\u00e9rie\u00a0<b>No Limiar do Amanh\u00e3<\/b>, quatro volumes que re\u00fanem as perguntas de ouvintes e as respostas de Herculano no r\u00e1dio, durante o programa\u00a0<i>No Limiar do Amanh\u00e3<\/i>, pela primeira vez, organizadas por temas.<br \/>\nO Volume 3 trata de perguntas sobre Chico Xavier, Parapsicologia, Reencarna\u00e7\u00e3o e tamb\u00e9m Outros Temas. Al\u00e9m do texto organizado por Wilson Garcia, voc\u00ea tamb\u00e9m ter\u00e1 ACESSO AOS \u00c1UDIOS ORIGINAIS do programa, via C\u00f3digo QR.<br \/>\nUm material riqu\u00edssimo que \u00e9 obrigat\u00f3rio nas bibliotecas dos pesquisadores e estudiosos, mas que tamb\u00e9m se dirige aos interessados nas quest\u00f5es abordadas e que tragam d\u00favidas sobre a multiplicidade de assuntos ali tratados, como Migra\u00e7\u00f5es Espirituais, Separa\u00e7\u00f5es Conjugais, Encarna\u00e7\u00f5es Mission\u00e1rias, entre muitos outros.<\/p>\n","protected":false},"excerpt":{"rendered":"<p>AUTOR:\u00a0J. Herculano Pires (Org. Wilson Garcia) A produ\u00e7\u00e3o liter\u00e1ria do prof. J. Herculano Pires alcan\u00e7ou dimens\u00f5es extraordin\u00e1rias e o fato de a Funda\u00e7\u00e3o Maria Virg\u00ednia e J. Herculano Pires estar, desde sua cria\u00e7\u00e3o, em 2001, trabalhando sobre o material deixado por ele, \u00e9 uma prova inconteste dessa produ\u00e7\u00e3o. Dentre os muitos frutos desse trabalho, estamos&#8230;<\/p>\n","protected":false},"featured_media":1749,"comment_status":"open","ping_status":"closed","template":"","meta":{"_kadence_starter_templates_imported_post":false,"_kad_post_transparent":"default","_kad_post_title":"","_kad_post_layout":"default","_kad_post_sidebar_id":"","_kad_post_content_style":"default","_kad_post_vertical_padding":"default","_kad_post_feature":"","_kad_post_feature_position":"","_kad_post_header":false,"_kad_post_footer":false},"product_brand":[],"product_cat":[29,30],"product_tag":[],"class_list":{"0":"post-1748","1":"product","2":"type-product","3":"status-publish","4":"has-post-thumbnail","6":"product_cat-biografias","7":"product_cat-estudo-cursos","9":"first","10":"instock","11":"shipping-taxable","12":"purchasable","13":"product-type-simple","14":"entry","15":"content-bg","16":"loop-entry"},"_links":{"self":[{"href":"https:\/\/editorapaideia.com.br\/index.php\/wp-json\/wp\/v2\/product\/1748","targetHints":{"allow":["GET"]}}],"collection":[{"href":"https:\/\/editorapaideia.com.br\/index.php\/wp-json\/wp\/v2\/product"}],"about":[{"href":"https:\/\/editorapaideia.com.br\/index.php\/wp-json\/wp\/v2\/types\/product"}],"replies":[{"embeddable":true,"href":"https:\/\/editorapaideia.com.br\/index.php\/wp-json\/wp\/v2\/comments?post=1748"}],"wp:featuredmedia":[{"embeddable":true,"href":"https:\/\/editorapaideia.com.br\/index.php\/wp-json\/wp\/v2\/media\/1749"}],"wp:attachment":[{"href":"https:\/\/editorapaideia.com.br\/index.php\/wp-json\/wp\/v2\/media?parent=1748"}],"wp:term":[{"taxonomy":"product_brand","embeddable":true,"href":"https:\/\/editorapaideia.com.br\/index.php\/wp-json\/wp\/v2\/product_brand?post=1748"},{"taxonomy":"product_cat","embeddable":true,"href":"https:\/\/editorapaideia.com.br\/index.php\/wp-json\/wp\/v2\/product_cat?post=1748"},{"taxonomy":"product_tag","embeddable":true,"href":"https:\/\/editorapaideia.com.br\/index.php\/wp-json\/wp\/v2\/product_tag?post=1748"}],"curies":[{"name":"wp","href":"https:\/\/api.w.org\/{rel}","templated":true}]}}

Conversa sobre Chico Xavier + Parapsicologia, Reencarnação, Outros Temas

<p><b>AUTOR:</b> J. Herculano Pires (Org. Wilson Garcia)</p>
<p>A produção literária do prof. J. Herculano Pires alcançou dimensões extraordinárias e o fato de a Fundação Maria Virgínia e J. Herculano Pires estar, desde sua criação, em 2001, trabalhando sobre o material deixado por ele, é uma prova inconteste dessa produção.<br />
Dentre os muitos frutos desse trabalho, estamos publicando a série <b>No Limiar do Amanhã</b>, quatro volumes que reúnem as perguntas de ouvintes e as respostas de Herculano no rádio, durante o programa <i>No Limiar do Amanhã</i>, pela primeira vez, organizadas por temas.<br />
O Volume 3 trata de perguntas sobre Chico Xavier, Parapsicologia, Reencarnação e também Outros Temas. Além do texto organizado por Wilson Garcia, você também terá ACESSO AOS ÁUDIOS ORIGINAIS do programa, via Código QR.<br />
Um material riquíssimo que é obrigatório nas bibliotecas dos pesquisadores e estudiosos, mas que também se dirige aos interessados nas questões abordadas e que tragam dúvidas sobre a multiplicidade de assuntos ali tratados, como Migrações Espirituais, Separações Conjugais, Encarnações Missionárias, entre muitos outros.</p>

<p>AUTOR: J. Herculano Pires (Org. Wilson Garcia) A produção literária do prof. J. Herculano Pires alcançou dimensões extraordinárias e o fato de a Fundação Maria Virgínia e J. Herculano Pires estar, desde sua criação, em 2001, trabalhando sobre o material deixado por ele, é uma prova inconteste dessa produção. Dentre os muitos frutos desse trabalho, estamos&#8230;</p>
