{"id":1690,"date":"2022-09-01T23:35:06","date_gmt":"2022-09-02T02:35:06","guid":{"rendered":"http:\/\/editorapaideia.com.br\/?post_type=product&#038;p=1690"},"modified":"2024-12-03T15:11:54","modified_gmt":"2024-12-03T18:11:54","slug":"arigo-vida-mediunidade-e-martirio-2","status":"publish","type":"product","link":"https:\/\/editorapaideia.com.br\/index.php\/produto\/arigo-vida-mediunidade-e-martirio-2\/","title":{"rendered":"Arig\u00f3: vida, mediunidade e mart\u00edrio"},"content":{"rendered":"<p><b>Sinopse:<\/b> ESTE \u00c9 UM LIVRO de estudo do Caso Arig\u00f3. O \u00fanico em que o problema do famoso sensitivo de Congonhas \u00e9 colocado em termos cient\u00edficos e analisado em seus v\u00e1rios aspectos.<\/p>\n<p>N\u00e3o se trata de simples narrativa de epis\u00f3dios, de curas milagrosas ou coisas semelhantes. Cada cap\u00edtulo \u00e9 uma penetra\u00e7\u00e3o nos v\u00e1rios problemas que o caso suscitou, mas uma penetra\u00e7\u00e3o realizada com instrumentais cient\u00edficos e culturais. De toda a bibliografia publicada a respeito at\u00e9 hoje, s\u00f3 este volume mereceu uma tradu\u00e7\u00e3o especial e particular, feita pelos cientistas norte-americanos que investigaram Arig\u00f3. Al\u00e9m dessa tradu\u00e7\u00e3o de finalidade restrita, S. J. Haddad realizou outra para divulga\u00e7\u00e3o popular nos Estados Unidos. N\u00e3o se pode falar de Arig\u00f3 sem a leitura pr\u00e9via deste livro, que analisa o caso Arig\u00f3 \u00e0 luz das ci\u00eancias atuais.<\/p>\n","protected":false},"excerpt":{"rendered":"<p><b>Sinopse:<\/b>\u00a0ESTE \u00c9 UM LIVRO de estudo do Caso Arig\u00f3. O \u00fanico em que o problema do famoso sensitivo de Congonhas \u00e9 colocado em termos cient\u00edficos e analisado em seus v\u00e1rios aspectos.<\/p>\n","protected":false},"featured_media":1691,"comment_status":"open","ping_status":"closed","template":"","meta":{"_kadence_starter_templates_imported_post":false,"_kad_post_transparent":"default","_kad_post_title":"","_kad_post_layout":"default","_kad_post_sidebar_id":"","_kad_post_content_style":"default","_kad_post_vertical_padding":"default","_kad_post_feature":"","_kad_post_feature_position":"","_kad_post_header":false,"_kad_post_footer":false},"product_brand":[],"product_cat":[35],"product_tag":[],"class_list":{"0":"post-1690","1":"product","2":"type-product","3":"status-publish","4":"has-post-thumbnail","6":"product_cat-cronicas-e-ensaios","8":"first","9":"instock","10":"shipping-taxable","11":"purchasable","12":"product-type-simple","13":"entry","14":"content-bg","15":"loop-entry"},"_links":{"self":[{"href":"https:\/\/editorapaideia.com.br\/index.php\/wp-json\/wp\/v2\/product\/1690","targetHints":{"allow":["GET"]}}],"collection":[{"href":"https:\/\/editorapaideia.com.br\/index.php\/wp-json\/wp\/v2\/product"}],"about":[{"href":"https:\/\/editorapaideia.com.br\/index.php\/wp-json\/wp\/v2\/types\/product"}],"replies":[{"embeddable":true,"href":"https:\/\/editorapaideia.com.br\/index.php\/wp-json\/wp\/v2\/comments?post=1690"}],"wp:featuredmedia":[{"embeddable":true,"href":"https:\/\/editorapaideia.com.br\/index.php\/wp-json\/wp\/v2\/media\/1691"}],"wp:attachment":[{"href":"https:\/\/editorapaideia.com.br\/index.php\/wp-json\/wp\/v2\/media?parent=1690"}],"wp:term":[{"taxonomy":"product_brand","embeddable":true,"href":"https:\/\/editorapaideia.com.br\/index.php\/wp-json\/wp\/v2\/product_brand?post=1690"},{"taxonomy":"product_cat","embeddable":true,"href":"https:\/\/editorapaideia.com.br\/index.php\/wp-json\/wp\/v2\/product_cat?post=1690"},{"taxonomy":"product_tag","embeddable":true,"href":"https:\/\/editorapaideia.com.br\/index.php\/wp-json\/wp\/v2\/product_tag?post=1690"}],"curies":[{"name":"wp","href":"https:\/\/api.w.org\/{rel}","templated":true}]}}