{"id":1682,"date":"2022-08-23T09:40:19","date_gmt":"2022-08-23T12:40:19","guid":{"rendered":"http:\/\/editorapaideia.com.br\/?post_type=product&#038;p=1682"},"modified":"2024-12-04T20:46:43","modified_gmt":"2024-12-04T23:46:43","slug":"conversa-sobre-a-biblia-os-evangelhos-o-espiritismo","status":"publish","type":"product","link":"https:\/\/editorapaideia.com.br\/index.php\/produto\/conversa-sobre-a-biblia-os-evangelhos-o-espiritismo\/","title":{"rendered":"Conversa sobre a B\u00edblia + os Evangelhos, o Espiritismo"},"content":{"rendered":"<div><b><span style=\"color: #ff0000;\">Conversa sobre a B\u00edblia\u00a0+ os Evangelhos, o Espiritismo\u00a0 (Volume 2 da s\u00e9rie \u201cNo Limiar do Amanh\u00e3\u201d)<\/span><\/b><\/div>\n<p><b>Autor:<\/b>\u00a0J. Herculano Pires (Org. Wilson Garcia)<\/p>\n<p>A produ\u00e7\u00e3o liter\u00e1ria do prof. J. Herculano Pires alcan\u00e7ou dimens\u00f5es extraordin\u00e1rias e o fato de a Funda\u00e7\u00e3o Maria Virg\u00ednia e J. Herculano Pires estar, desde sua cria\u00e7\u00e3o, em 2001, trabalhando sobre o material deixado por ele, \u00e9 uma prova inconteste dessa produ\u00e7\u00e3o.<br \/>\nDentre os muitos frutos desse trabalho, estamos publicando a s\u00e9rie\u00a0<i>No Limiar do Amanh\u00e3<\/i>, quatro volumes que re\u00fanem as perguntas de ouvintes e as respostas de Herculano no r\u00e1dio, durante o programa No Limiar do Amanh\u00e3, pela primeira vez, organizadas por temas.<br \/>\nO\u00a0<b>Volume 2\u00a0<\/b>trata de perguntas sobre\u00a0a B\u00edblia, os Evangelhos e tamb\u00e9m o Espiritismo. Al\u00e9m do texto organizado por Wilson Garcia, voc\u00ea tamb\u00e9m ter\u00e1 ACESSO AOS \u00c1UDIOS ORIGINAIS do programa, via C\u00f3digo QR.<br \/>\nUm material riqu\u00edssimo que \u00e9 obrigat\u00f3rio nas bibliotecas dos pesquisadores e estudiosos, mas que tamb\u00e9m se dirige aos interessados nas quest\u00f5es abordadas e que tragam d\u00favidas sobre a multiplicidade de assuntos ali tratados, como Ju\u00edzo Final, Ad\u00e3o e Eva, o ap\u00f3stolo Paulo perante o Espiritismo, entre muitos outros.<\/p>\n","protected":false},"excerpt":{"rendered":"<p>Conversa sobre a B\u00edblia\u00a0+ os Evangelhos, o Espiritismo\u00a0 (Volume 2 da s\u00e9rie \u201cNo Limiar do Amanh\u00e3\u201d) Autor:\u00a0J. Herculano Pires (Org. Wilson Garcia) A produ\u00e7\u00e3o liter\u00e1ria do prof. J. Herculano Pires alcan\u00e7ou dimens\u00f5es extraordin\u00e1rias e o fato de a Funda\u00e7\u00e3o Maria Virg\u00ednia e J. Herculano Pires estar, desde sua cria\u00e7\u00e3o, em 2001, trabalhando sobre o material&#8230;<\/p>\n","protected":false},"featured_media":1683,"comment_status":"open","ping_status":"closed","template":"","meta":{"_kadence_starter_templates_imported_post":false,"_kad_post_transparent":"default","_kad_post_title":"","_kad_post_layout":"default","_kad_post_sidebar_id":"","_kad_post_content_style":"default","_kad_post_vertical_padding":"default","_kad_post_feature":"","_kad_post_feature_position":"","_kad_post_header":false,"_kad_post_footer":false},"product_brand":[],"product_cat":[30],"product_tag":[],"class_list":{"0":"post-1682","1":"product","2":"type-product","3":"status-publish","4":"has-post-thumbnail","6":"product_cat-estudo-cursos","8":"first","9":"instock","10":"shipping-taxable","11":"purchasable","12":"product-type-simple","13":"entry","14":"content-bg","15":"loop-entry"},"_links":{"self":[{"href":"https:\/\/editorapaideia.com.br\/index.php\/wp-json\/wp\/v2\/product\/1682","targetHints":{"allow":["GET"]}}],"collection":[{"href":"https:\/\/editorapaideia.com.br\/index.php\/wp-json\/wp\/v2\/product"}],"about":[{"href":"https:\/\/editorapaideia.com.br\/index.php\/wp-json\/wp\/v2\/types\/product"}],"replies":[{"embeddable":true,"href":"https:\/\/editorapaideia.com.br\/index.php\/wp-json\/wp\/v2\/comments?post=1682"}],"wp:featuredmedia":[{"embeddable":true,"href":"https:\/\/editorapaideia.com.br\/index.php\/wp-json\/wp\/v2\/media\/1683"}],"wp:attachment":[{"href":"https:\/\/editorapaideia.com.br\/index.php\/wp-json\/wp\/v2\/media?parent=1682"}],"wp:term":[{"taxonomy":"product_brand","embeddable":true,"href":"https:\/\/editorapaideia.com.br\/index.php\/wp-json\/wp\/v2\/product_brand?post=1682"},{"taxonomy":"product_cat","embeddable":true,"href":"https:\/\/editorapaideia.com.br\/index.php\/wp-json\/wp\/v2\/product_cat?post=1682"},{"taxonomy":"product_tag","embeddable":true,"href":"https:\/\/editorapaideia.com.br\/index.php\/wp-json\/wp\/v2\/product_tag?post=1682"}],"curies":[{"name":"wp","href":"https:\/\/api.w.org\/{rel}","templated":true}]}}

Conversa sobre a Bíblia + os Evangelhos, o Espiritismo

<div><b><span style="color: #ff0000;">Conversa sobre a Bíblia + os Evangelhos, o Espiritismo  (Volume 2 da série “No Limiar do Amanhã”)</span></b></div>
<p><b>Autor:</b> J. Herculano Pires (Org. Wilson Garcia)</p>
<p>A produção literária do prof. J. Herculano Pires alcançou dimensões extraordinárias e o fato de a Fundação Maria Virgínia e J. Herculano Pires estar, desde sua criação, em 2001, trabalhando sobre o material deixado por ele, é uma prova inconteste dessa produção.<br />
Dentre os muitos frutos desse trabalho, estamos publicando a série <i>No Limiar do Amanhã</i>, quatro volumes que reúnem as perguntas de ouvintes e as respostas de Herculano no rádio, durante o programa No Limiar do Amanhã, pela primeira vez, organizadas por temas.<br />
O <b>Volume 2 </b>trata de perguntas sobre a Bíblia, os Evangelhos e também o Espiritismo. Além do texto organizado por Wilson Garcia, você também terá ACESSO AOS ÁUDIOS ORIGINAIS do programa, via Código QR.<br />
Um material riquíssimo que é obrigatório nas bibliotecas dos pesquisadores e estudiosos, mas que também se dirige aos interessados nas questões abordadas e que tragam dúvidas sobre a multiplicidade de assuntos ali tratados, como Juízo Final, Adão e Eva, o apóstolo Paulo perante o Espiritismo, entre muitos outros.</p>

<p>Conversa sobre a Bíblia + os Evangelhos, o Espiritismo  (Volume 2 da série “No Limiar do Amanhã”) Autor: J. Herculano Pires (Org. Wilson Garcia) A produção literária do prof. J. Herculano Pires alcançou dimensões extraordinárias e o fato de a Fundação Maria Virgínia e J. Herculano Pires estar, desde sua criação, em 2001, trabalhando sobre o material&#8230;</p>
