{"id":1543,"date":"2021-12-03T15:34:16","date_gmt":"2021-12-03T18:34:16","guid":{"rendered":"http:\/\/editorapaideia.com.br\/?post_type=product&#038;p=1543"},"modified":"2026-02-02T07:54:54","modified_gmt":"2026-02-02T10:54:54","slug":"pedagogia-espirita","status":"publish","type":"product","link":"https:\/\/editorapaideia.com.br\/index.php\/produto\/pedagogia-espirita\/","title":{"rendered":"PEDAGOGIA ESP\u00cdRITA"},"content":{"rendered":"<p>Nova Edi\u00e7\u00e3o revisada, com novas notas de rodap\u00e9 e bibliografia<\/p>\n<p>Este livro re\u00fane os trabalhos escritos por J. Herculano Pires, sobre a necessidade de uma reformula\u00e7\u00e3o do problema educacional, \u00e0 luz do espiritismo, atrav\u00e9s da implanta\u00e7\u00e3o de uma Pedagogia Esp\u00edrita. Nele se encontra a tese apresentada pelo autor, no III Congresso Educacional Esp\u00edrita Paulista em julho de 1970, aprovada por unanimidade: \u201cPara uma Pedagogia Esp\u00edrita\u201d.<\/p>\n","protected":false},"excerpt":{"rendered":"<p>Nova Edi\u00e7\u00e3o revisada, com novas notas de rodap\u00e9 e bibliografia Este livro re\u00fane os trabalhos escritos por J. Herculano Pires, sobre a necessidade de uma reformula\u00e7\u00e3o do problema educacional, \u00e0 luz do espiritismo, atrav\u00e9s da implanta\u00e7\u00e3o de uma Pedagogia Esp\u00edrita. Nele se encontra a tese apresentada pelo autor, no III Congresso Educacional Esp\u00edrita Paulista em&#8230;<\/p>\n","protected":false},"featured_media":2083,"comment_status":"open","ping_status":"closed","template":"","meta":{"_kadence_starter_templates_imported_post":false,"_kad_post_transparent":"default","_kad_post_title":"","_kad_post_layout":"default","_kad_post_sidebar_id":"","_kad_post_content_style":"default","_kad_post_vertical_padding":"default","_kad_post_feature":"","_kad_post_feature_position":"","_kad_post_header":false,"_kad_post_footer":false},"product_brand":[],"product_cat":[19,33],"product_tag":[],"class_list":{"0":"post-1543","1":"product","2":"type-product","3":"status-publish","4":"has-post-thumbnail","6":"product_cat-estudos","7":"product_cat-pedagogia","9":"first","10":"instock","11":"shipping-taxable","12":"purchasable","13":"product-type-simple","14":"entry","15":"content-bg","16":"loop-entry"},"_links":{"self":[{"href":"https:\/\/editorapaideia.com.br\/index.php\/wp-json\/wp\/v2\/product\/1543","targetHints":{"allow":["GET"]}}],"collection":[{"href":"https:\/\/editorapaideia.com.br\/index.php\/wp-json\/wp\/v2\/product"}],"about":[{"href":"https:\/\/editorapaideia.com.br\/index.php\/wp-json\/wp\/v2\/types\/product"}],"replies":[{"embeddable":true,"href":"https:\/\/editorapaideia.com.br\/index.php\/wp-json\/wp\/v2\/comments?post=1543"}],"wp:featuredmedia":[{"embeddable":true,"href":"https:\/\/editorapaideia.com.br\/index.php\/wp-json\/wp\/v2\/media\/2083"}],"wp:attachment":[{"href":"https:\/\/editorapaideia.com.br\/index.php\/wp-json\/wp\/v2\/media?parent=1543"}],"wp:term":[{"taxonomy":"product_brand","embeddable":true,"href":"https:\/\/editorapaideia.com.br\/index.php\/wp-json\/wp\/v2\/product_brand?post=1543"},{"taxonomy":"product_cat","embeddable":true,"href":"https:\/\/editorapaideia.com.br\/index.php\/wp-json\/wp\/v2\/product_cat?post=1543"},{"taxonomy":"product_tag","embeddable":true,"href":"https:\/\/editorapaideia.com.br\/index.php\/wp-json\/wp\/v2\/product_tag?post=1543"}],"curies":[{"name":"wp","href":"https:\/\/api.w.org\/{rel}","templated":true}]}}

PEDAGOGIA ESPÍRITA

<p>Nova Edição revisada, com novas notas de rodapé e bibliografia</p>
<p>Este livro reúne os trabalhos escritos por J. Herculano Pires, sobre a necessidade de uma reformulação do problema educacional, à luz do espiritismo, através da implantação de uma Pedagogia Espírita. Nele se encontra a tese apresentada pelo autor, no III Congresso Educacional Espírita Paulista em julho de 1970, aprovada por unanimidade: “Para uma Pedagogia Espírita”.</p>

<p>Nova Edição revisada, com novas notas de rodapé e bibliografia Este livro reúne os trabalhos escritos por J. Herculano Pires, sobre a necessidade de uma reformulação do problema educacional, à luz do espiritismo, através da implantação de uma Pedagogia Espírita. Nele se encontra a tese apresentada pelo autor, no III Congresso Educacional Espírita Paulista em&#8230;</p>
