{"id":1533,"date":"2021-12-03T13:22:12","date_gmt":"2021-12-03T16:22:12","guid":{"rendered":"http:\/\/editorapaideia.com.br\/?post_type=product&#038;p=1533"},"modified":"2023-03-17T12:52:19","modified_gmt":"2023-03-17T15:52:19","slug":"parapsicologia-hoje-e-amanha","status":"publish","type":"product","link":"https:\/\/editorapaideia.com.br\/index.php\/produto\/parapsicologia-hoje-e-amanha\/","title":{"rendered":"Parapsicologia hoje e amanh\u00e3"},"content":{"rendered":"<p>Este livro revela as estreitas rela\u00e7\u00f5es existentes entre ci\u00eancia e religi\u00e3o. Criaturas de vistas curtas o acusaram por isso. Essas rela\u00e7\u00f5es se tornam cada vez mais evidentes na acelerada evolu\u00e7\u00e3o cientifica do nosso tempo. N\u00e3o se pode tapar o Sol com peneira. As conota\u00e7\u00f5es aqui apresentadas se constituem de fatos e, n\u00e3o, de argumentos.<\/p>\n","protected":false},"excerpt":{"rendered":"<p>Este livro revela as estreitas rela\u00e7\u00f5es existentes entre ci\u00eancia e religi\u00e3o. Criaturas de vistas curtas o acusaram por isso. Essas rela\u00e7\u00f5es se tornam cada vez mais evidentes na acelerada evolu\u00e7\u00e3o cientifica do nosso tempo. N\u00e3o se pode tapar o Sol com peneira. As conota\u00e7\u00f5es aqui apresentadas se constituem de fatos e, n\u00e3o, de argumentos.<\/p>\n","protected":false},"featured_media":1534,"comment_status":"open","ping_status":"closed","template":"","meta":{"_kadence_starter_templates_imported_post":false,"_kad_post_transparent":"default","_kad_post_title":"","_kad_post_layout":"default","_kad_post_sidebar_id":"","_kad_post_content_style":"default","_kad_post_vertical_padding":"default","_kad_post_feature":"","_kad_post_feature_position":"","_kad_post_header":false,"_kad_post_footer":false},"product_brand":[],"product_cat":[19,34],"product_tag":[],"class_list":{"0":"post-1533","1":"product","2":"type-product","3":"status-publish","4":"has-post-thumbnail","6":"product_cat-estudos","7":"product_cat-parapsicologia","9":"first","10":"instock","11":"shipping-taxable","12":"purchasable","13":"product-type-simple","14":"entry","15":"content-bg","16":"loop-entry"},"_links":{"self":[{"href":"https:\/\/editorapaideia.com.br\/index.php\/wp-json\/wp\/v2\/product\/1533","targetHints":{"allow":["GET"]}}],"collection":[{"href":"https:\/\/editorapaideia.com.br\/index.php\/wp-json\/wp\/v2\/product"}],"about":[{"href":"https:\/\/editorapaideia.com.br\/index.php\/wp-json\/wp\/v2\/types\/product"}],"replies":[{"embeddable":true,"href":"https:\/\/editorapaideia.com.br\/index.php\/wp-json\/wp\/v2\/comments?post=1533"}],"wp:featuredmedia":[{"embeddable":true,"href":"https:\/\/editorapaideia.com.br\/index.php\/wp-json\/wp\/v2\/media\/1534"}],"wp:attachment":[{"href":"https:\/\/editorapaideia.com.br\/index.php\/wp-json\/wp\/v2\/media?parent=1533"}],"wp:term":[{"taxonomy":"product_brand","embeddable":true,"href":"https:\/\/editorapaideia.com.br\/index.php\/wp-json\/wp\/v2\/product_brand?post=1533"},{"taxonomy":"product_cat","embeddable":true,"href":"https:\/\/editorapaideia.com.br\/index.php\/wp-json\/wp\/v2\/product_cat?post=1533"},{"taxonomy":"product_tag","embeddable":true,"href":"https:\/\/editorapaideia.com.br\/index.php\/wp-json\/wp\/v2\/product_tag?post=1533"}],"curies":[{"name":"wp","href":"https:\/\/api.w.org\/{rel}","templated":true}]}}