{"id":1523,"date":"2021-12-03T13:10:16","date_gmt":"2021-12-03T16:10:16","guid":{"rendered":"http:\/\/editorapaideia.com.br\/?post_type=product&#038;p=1523"},"modified":"2024-02-01T12:18:45","modified_gmt":"2024-02-01T15:18:45","slug":"o-sentido-da-vida","status":"publish","type":"product","link":"http:\/\/editorapaideia.com.br\/index.php\/produto\/o-sentido-da-vida\/","title":{"rendered":"O SENTIDO DA VIDA"},"content":{"rendered":"<p>Somente a concep\u00e7\u00e3o esp\u00edrita, ali\u00e1s comprovada pela observa\u00e7\u00e3o, que nos fala da imortalidade pessoal, oferece ao homem a vis\u00e3o real do seu destino, e mais do que isso, da sua responsabilidade em face da vida e do mundo. Neste t\u00edtulo o autor considera o poder moralizador do espiritismo, assinala todas as li\u00e7\u00f5es da vida, pelas consequ\u00eancias do bem e do mal que torna palp\u00e1vel. A for\u00e7a moral, a coragem, as consola\u00e7\u00f5es que ele d\u00e1 nas afli\u00e7\u00f5es, por uma inalter\u00e1vel confian\u00e7a no porvir, pelo pensamento de ter cada um, junto de si, os seres a quem amou, a certeza de os rever, a possibilidade de confabular com eles, a certeza, enfim de que tudo quanto se fez, at\u00e9 a \u00faltima hora da vida, n\u00e3o fica perdido.<\/p>\n","protected":false},"excerpt":{"rendered":"<p>Somente a concep\u00e7\u00e3o esp\u00edrita, ali\u00e1s comprovada pela observa\u00e7\u00e3o, que nos fala da imortalidade pessoal, oferece ao homem a vis\u00e3o real do seu destino, e mais do que isso, da sua responsabilidade em face da vida e do mundo. Neste t\u00edtulo o autor considera o poder moralizador do espiritismo, assinala todas as li\u00e7\u00f5es da vida, pelas&#8230;<\/p>\n","protected":false},"featured_media":2025,"comment_status":"open","ping_status":"closed","template":"","meta":{"_kadence_starter_templates_imported_post":false,"_kad_post_transparent":"default","_kad_post_title":"","_kad_post_layout":"default","_kad_post_sidebar_id":"","_kad_post_content_style":"default","_kad_post_vertical_padding":"default","_kad_post_feature":"","_kad_post_feature_position":"","_kad_post_header":false,"_kad_post_footer":false},"product_brand":[],"product_cat":[19,32],"product_tag":[],"class_list":{"0":"post-1523","1":"product","2":"type-product","3":"status-publish","4":"has-post-thumbnail","6":"product_cat-estudos","7":"product_cat-filosofia","9":"first","10":"instock","11":"shipping-taxable","12":"purchasable","13":"product-type-simple","14":"entry","15":"content-bg","16":"loop-entry"},"_links":{"self":[{"href":"http:\/\/editorapaideia.com.br\/index.php\/wp-json\/wp\/v2\/product\/1523","targetHints":{"allow":["GET"]}}],"collection":[{"href":"http:\/\/editorapaideia.com.br\/index.php\/wp-json\/wp\/v2\/product"}],"about":[{"href":"http:\/\/editorapaideia.com.br\/index.php\/wp-json\/wp\/v2\/types\/product"}],"replies":[{"embeddable":true,"href":"http:\/\/editorapaideia.com.br\/index.php\/wp-json\/wp\/v2\/comments?post=1523"}],"wp:featuredmedia":[{"embeddable":true,"href":"http:\/\/editorapaideia.com.br\/index.php\/wp-json\/wp\/v2\/media\/2025"}],"wp:attachment":[{"href":"http:\/\/editorapaideia.com.br\/index.php\/wp-json\/wp\/v2\/media?parent=1523"}],"wp:term":[{"taxonomy":"product_brand","embeddable":true,"href":"http:\/\/editorapaideia.com.br\/index.php\/wp-json\/wp\/v2\/product_brand?post=1523"},{"taxonomy":"product_cat","embeddable":true,"href":"http:\/\/editorapaideia.com.br\/index.php\/wp-json\/wp\/v2\/product_cat?post=1523"},{"taxonomy":"product_tag","embeddable":true,"href":"http:\/\/editorapaideia.com.br\/index.php\/wp-json\/wp\/v2\/product_tag?post=1523"}],"curies":[{"name":"wp","href":"https:\/\/api.w.org\/{rel}","templated":true}]}}