{"id":1499,"date":"2021-10-19T11:59:46","date_gmt":"2021-10-19T14:59:46","guid":{"rendered":"http:\/\/editorapaideia.com.br\/?post_type=product&#038;p=1499"},"modified":"2026-03-26T10:56:30","modified_gmt":"2026-03-26T13:56:30","slug":"conversa-sobre-mediunidade","status":"publish","type":"product","link":"https:\/\/editorapaideia.com.br\/index.php\/produto\/conversa-sobre-mediunidade\/","title":{"rendered":"Conversa sobre Mediunidade"},"content":{"rendered":"<div>T\u00edtulo: Conversa sobre Mediunidade\u00a0+ curas, obsess\u00f5es, sonhos (Volume 1 da s\u00e9rie &#8220;No Limiar do Amanh\u00e3&#8221;)<\/div>\n<div>Autor: J. Herculano Pires (Org. Wilson Garcia)<\/div>\n<div>Sinopse:<\/div>\n<div><\/div>\n<p>A produ\u00e7\u00e3o liter\u00e1ria do prof. J. Herculano Pires alcan\u00e7ou dimens\u00f5es extraordin\u00e1rias e o fato de a\u00a0<b>Funda\u00e7\u00e3o Maria Virg\u00ednia e J. Herculano Pires<\/b>\u00a0estar, desde sua cria\u00e7\u00e3o, em 2001, trabalhando sobre o material deixado por ele, \u00e9 uma prova inconteste dessa produ\u00e7\u00e3o.<\/p>\n<div>Dentre os muitos frutos desse trabalho, vem a p\u00fablico agora a s\u00e9rie\u00a0<i>No Limiar do Amanh\u00e3<\/i>, quatro volumes que re\u00fanem as perguntas de ouvintes e as respostas de Herculano no r\u00e1dio, durante o programa No Limiar do Amanh\u00e3,\u00a0 pela primeira vez, organizadas por temas.<\/div>\n<div>O Volume 1 trata de Mediunidade, Curas Espirituais, Obsess\u00f5es e Sonhos. Al\u00e9m do texto organizado por Wilson Garcia, voc\u00ea tamb\u00e9m ter\u00e1 ACESSO AOS \u00c1UDIOS ORIGINAIS do programa, via C\u00f3digo QR.<\/div>\n<div>Um material riqu\u00edssimo que \u00e9 obrigat\u00f3rio nas bibliotecas dos pesquisadores e estudiosos, mas que tamb\u00e9m se dirige aos interessados nas quest\u00f5es cotidianas e que tragam d\u00favidas sobre uma multiplicidade de assuntos ali tratados, como a mediunidade estacionada, animismo, doen\u00e7as e os esp\u00edritos, sonhos prof\u00e9ticos, entre muitos outros.<\/div>\n","protected":false},"excerpt":{"rendered":"<p>Dentre os muitos frutos desse trabalho, vem a p\u00fablico agora a s\u00e9rie\u00a0<i>No Limiar do Amanh\u00e3<\/i>, quatro volumes que re\u00fanem as perguntas de ouvintes e as respostas de Herculano no r\u00e1dio, durante o programa No Limiar do Amanh\u00e3,\u00a0 pela primeira vez, organizadas por temas.<\/p>\n","protected":false},"featured_media":1500,"comment_status":"open","ping_status":"closed","template":"","meta":{"_kadence_starter_templates_imported_post":false,"_kad_post_transparent":"default","_kad_post_title":"","_kad_post_layout":"default","_kad_post_sidebar_id":"","_kad_post_content_style":"default","_kad_post_vertical_padding":"default","_kad_post_feature":"","_kad_post_feature_position":"","_kad_post_header":false,"_kad_post_footer":false},"product_brand":[],"product_cat":[31,15],"product_tag":[],"class_list":{"0":"post-1499","1":"product","2":"type-product","3":"status-publish","4":"has-post-thumbnail","6":"product_cat-doutrina-espirita","7":"product_cat-sem-categoria","9":"first","10":"instock","11":"shipping-taxable","12":"purchasable","13":"product-type-simple","14":"entry","15":"content-bg","16":"loop-entry"},"_links":{"self":[{"href":"https:\/\/editorapaideia.com.br\/index.php\/wp-json\/wp\/v2\/product\/1499","targetHints":{"allow":["GET"]}}],"collection":[{"href":"https:\/\/editorapaideia.com.br\/index.php\/wp-json\/wp\/v2\/product"}],"about":[{"href":"https:\/\/editorapaideia.com.br\/index.php\/wp-json\/wp\/v2\/types\/product"}],"replies":[{"embeddable":true,"href":"https:\/\/editorapaideia.com.br\/index.php\/wp-json\/wp\/v2\/comments?post=1499"}],"wp:featuredmedia":[{"embeddable":true,"href":"https:\/\/editorapaideia.com.br\/index.php\/wp-json\/wp\/v2\/media\/1500"}],"wp:attachment":[{"href":"https:\/\/editorapaideia.com.br\/index.php\/wp-json\/wp\/v2\/media?parent=1499"}],"wp:term":[{"taxonomy":"product_brand","embeddable":true,"href":"https:\/\/editorapaideia.com.br\/index.php\/wp-json\/wp\/v2\/product_brand?post=1499"},{"taxonomy":"product_cat","embeddable":true,"href":"https:\/\/editorapaideia.com.br\/index.php\/wp-json\/wp\/v2\/product_cat?post=1499"},{"taxonomy":"product_tag","embeddable":true,"href":"https:\/\/editorapaideia.com.br\/index.php\/wp-json\/wp\/v2\/product_tag?post=1499"}],"curies":[{"name":"wp","href":"https:\/\/api.w.org\/{rel}","templated":true}]}}

<div>Título: Conversa sobre Mediunidade + curas, obsessões, sonhos (Volume 1 da série &#8220;No Limiar do Amanhã&#8221;)</div>
<div>Autor: J. Herculano Pires (Org. Wilson Garcia)</div>
<div>Sinopse:</div>
<div></div>
<p>A produção literária do prof. J. Herculano Pires alcançou dimensões extraordinárias e o fato de a <b>Fundação Maria Virgínia e J. Herculano Pires</b> estar, desde sua criação, em 2001, trabalhando sobre o material deixado por ele, é uma prova inconteste dessa produção.</p>
<div>Dentre os muitos frutos desse trabalho, vem a público agora a série <i>No Limiar do Amanhã</i>, quatro volumes que reúnem as perguntas de ouvintes e as respostas de Herculano no rádio, durante o programa No Limiar do Amanhã,  pela primeira vez, organizadas por temas.</div>
<div>O Volume 1 trata de Mediunidade, Curas Espirituais, Obsessões e Sonhos. Além do texto organizado por Wilson Garcia, você também terá ACESSO AOS ÁUDIOS ORIGINAIS do programa, via Código QR.</div>
<div>Um material riquíssimo que é obrigatório nas bibliotecas dos pesquisadores e estudiosos, mas que também se dirige aos interessados nas questões cotidianas e que tragam dúvidas sobre uma multiplicidade de assuntos ali tratados, como a mediunidade estacionada, animismo, doenças e os espíritos, sonhos proféticos, entre muitos outros.</div>

<p>Dentre os muitos frutos desse trabalho, vem a público agora a série <i>No Limiar do Amanhã</i>, quatro volumes que reúnem as perguntas de ouvintes e as respostas de Herculano no rádio, durante o programa No Limiar do Amanhã,  pela primeira vez, organizadas por temas.</p>
