{"id":1481,"date":"2021-09-21T13:19:36","date_gmt":"2021-09-21T16:19:36","guid":{"rendered":"http:\/\/editorapaideia.com.br\/?post_type=product&#038;p=1481"},"modified":"2021-12-03T15:31:19","modified_gmt":"2021-12-03T18:31:19","slug":"o-centro-espirita","status":"publish","type":"product","link":"https:\/\/editorapaideia.com.br\/index.php\/produto\/o-centro-espirita\/","title":{"rendered":"O CENTRO ESPIRITA"},"content":{"rendered":"<p>Se os esp\u00edritas soubessem o que \u00e9 o Centro Esp\u00edrita, quais s\u00e3o suas fun\u00e7\u00f5es, o Espiritismo seria hoje o mais importante movimento cultural e espiritual da Terra.<\/p>\n<p>Temos no Brasil o maior, o mais ativo e produtivo movimento esp\u00edrita do planeta. A expans\u00e3o do Espiritismo em nossa terra \u00e9 incessante e prossegue em ritmo acelerado. Mas o que fazemos, em todo este vasto continente esp\u00edrita, \u00e9 um imenso esfor\u00e7o de <em>igrejificar<\/em> o espiritismo, de emparelh\u00e1-lo com as religi\u00f5es decadentes e ultrapassadas, formando por toda parte n\u00facleos m\u00edsticos, desligados da realidade imediata.<\/p>\n","protected":false},"excerpt":{"rendered":"<p>Se os esp\u00edritas soubessem o que \u00e9 o Centro Esp\u00edrita, quais s\u00e3o suas fun\u00e7\u00f5es, o Espiritismo seria hoje o mais importante movimento cultural e espiritual da Terra. Temos no Brasil o maior, o mais ativo e produtivo movimento esp\u00edrita do planeta. A expans\u00e3o do Espiritismo em nossa terra \u00e9 incessante e prossegue em ritmo acelerado&#8230;.<\/p>\n","protected":false},"featured_media":1542,"comment_status":"open","ping_status":"closed","template":"","meta":{"_kadence_starter_templates_imported_post":false,"_kad_post_transparent":"default","_kad_post_title":"","_kad_post_layout":"default","_kad_post_sidebar_id":"","_kad_post_content_style":"default","_kad_post_vertical_padding":"default","_kad_post_feature":"","_kad_post_feature_position":"","_kad_post_header":false,"_kad_post_footer":false},"product_brand":[],"product_cat":[31],"product_tag":[],"class_list":{"0":"post-1481","1":"product","2":"type-product","3":"status-publish","4":"has-post-thumbnail","6":"product_cat-doutrina-espirita","8":"first","9":"instock","10":"shipping-taxable","11":"purchasable","12":"product-type-simple","13":"entry","14":"content-bg","15":"loop-entry"},"_links":{"self":[{"href":"https:\/\/editorapaideia.com.br\/index.php\/wp-json\/wp\/v2\/product\/1481","targetHints":{"allow":["GET"]}}],"collection":[{"href":"https:\/\/editorapaideia.com.br\/index.php\/wp-json\/wp\/v2\/product"}],"about":[{"href":"https:\/\/editorapaideia.com.br\/index.php\/wp-json\/wp\/v2\/types\/product"}],"replies":[{"embeddable":true,"href":"https:\/\/editorapaideia.com.br\/index.php\/wp-json\/wp\/v2\/comments?post=1481"}],"wp:featuredmedia":[{"embeddable":true,"href":"https:\/\/editorapaideia.com.br\/index.php\/wp-json\/wp\/v2\/media\/1542"}],"wp:attachment":[{"href":"https:\/\/editorapaideia.com.br\/index.php\/wp-json\/wp\/v2\/media?parent=1481"}],"wp:term":[{"taxonomy":"product_brand","embeddable":true,"href":"https:\/\/editorapaideia.com.br\/index.php\/wp-json\/wp\/v2\/product_brand?post=1481"},{"taxonomy":"product_cat","embeddable":true,"href":"https:\/\/editorapaideia.com.br\/index.php\/wp-json\/wp\/v2\/product_cat?post=1481"},{"taxonomy":"product_tag","embeddable":true,"href":"https:\/\/editorapaideia.com.br\/index.php\/wp-json\/wp\/v2\/product_tag?post=1481"}],"curies":[{"name":"wp","href":"https:\/\/api.w.org\/{rel}","templated":true}]}}

<p>Se os espíritas soubessem o que é o Centro Espírita, quais são suas funções, o Espiritismo seria hoje o mais importante movimento cultural e espiritual da Terra.</p>
<p>Temos no Brasil o maior, o mais ativo e produtivo movimento espírita do planeta. A expansão do Espiritismo em nossa terra é incessante e prossegue em ritmo acelerado. Mas o que fazemos, em todo este vasto continente espírita, é um imenso esforço de <em>igrejificar</em> o espiritismo, de emparelhá-lo com as religiões decadentes e ultrapassadas, formando por toda parte núcleos místicos, desligados da realidade imediata.</p>

<p>Se os espíritas soubessem o que é o Centro Espírita, quais são suas funções, o Espiritismo seria hoje o mais importante movimento cultural e espiritual da Terra. Temos no Brasil o maior, o mais ativo e produtivo movimento espírita do planeta. A expansão do Espiritismo em nossa terra é incessante e prossegue em ritmo acelerado&#8230;.</p>
