{"id":1459,"date":"2021-09-21T09:24:48","date_gmt":"2021-09-21T12:24:48","guid":{"rendered":"http:\/\/editorapaideia.com.br\/?post_type=product&#038;p=1459"},"modified":"2025-12-22T14:45:56","modified_gmt":"2025-12-22T17:45:56","slug":"o-evangelho-de-jesus-em-espirito-e-verdade","status":"publish","type":"product","link":"https:\/\/editorapaideia.com.br\/index.php\/produto\/o-evangelho-de-jesus-em-espirito-e-verdade\/","title":{"rendered":"O EVANGELHO DE JESUS EM ESP\u00cdRITO E VERDADE"},"content":{"rendered":"<p>No Limiar do Amanh\u00e3 ia ao ar aos s\u00e1bados \u00e0 noite e obteve sucesso imediato em S\u00e3o Paulo. A R\u00e1dio Mulher passou a repris\u00e1-lo aos domingos, pela manh\u00e3. A R\u00e1dio Morada do Sol, de Araraquara e a R\u00e1dio Difusora Platinense, de Santo Ant\u00f4nio da Platina, no Paran\u00e1, retransmitiram-no, tamb\u00e9m, com expressiva audi\u00eancia. O vigoroso programa prestou inestim\u00e1vel servi\u00e7o \u00e0 doutrina esp\u00edrita durante tr\u00eas anos e meio. Herculano Pires, obviamente, jamais aceitou da R\u00e1dio Mulher qualquer esp\u00e9cie de remunera\u00e7\u00e3o. Todo programa era finalizado com a abertura do Evangelho ao acaso e leitura de um trecho, que era comentado pelo professor. Este livro cont\u00e9m a transcri\u00e7\u00e3o de 100 coment\u00e1rios feitos na R\u00e1dio, contando com a organiza\u00e7\u00e3o e apresenta\u00e7\u00e3o de C\u00e9lia M. Arribas.<\/p>\n","protected":false},"excerpt":{"rendered":"<p>No Limiar do Amanh\u00e3 ia ao ar aos s\u00e1bados \u00e0 noite e obteve sucesso imediato em S\u00e3o Paulo. A R\u00e1dio Mulher passou a repris\u00e1-lo aos domingos, pela manh\u00e3. A R\u00e1dio Morada do Sol, de Araraquara e a R\u00e1dio Difusora Platinense, de Santo Ant\u00f4nio da Platina, no Paran\u00e1, retransmitiram-no, tamb\u00e9m, com expressiva audi\u00eancia. O vigoroso programa prestou inestim\u00e1vel servi\u00e7o \u00e0 doutrina esp\u00edrita durante tr\u00eas anos e meio. Herculano Pires, obviamente, jamais aceitou da R\u00e1dio Mulher qualquer esp\u00e9cie de remunera\u00e7\u00e3o. Todo programa era finalizado com a abertura do Evangelho ao acaso e leitura de um trecho, que era comentado pelo professor. Este livro cont\u00e9m a transcri\u00e7\u00e3o de 100 coment\u00e1rios feitos na R\u00e1dio, contando com a organiza\u00e7\u00e3o e apresenta\u00e7\u00e3o de C\u00e9lia M. Arribas.<\/p>\n","protected":false},"featured_media":2282,"comment_status":"open","ping_status":"closed","template":"","meta":{"_kadence_starter_templates_imported_post":false,"_kad_post_transparent":"default","_kad_post_title":"","_kad_post_layout":"default","_kad_post_sidebar_id":"","_kad_post_content_style":"default","_kad_post_vertical_padding":"default","_kad_post_feature":"","_kad_post_feature_position":"","_kad_post_header":false,"_kad_post_footer":false},"product_brand":[],"product_cat":[31],"product_tag":[],"class_list":{"0":"post-1459","1":"product","2":"type-product","3":"status-publish","4":"has-post-thumbnail","6":"product_cat-doutrina-espirita","8":"first","9":"instock","10":"shipping-taxable","11":"purchasable","12":"product-type-simple","13":"entry","14":"content-bg","15":"loop-entry"},"_links":{"self":[{"href":"https:\/\/editorapaideia.com.br\/index.php\/wp-json\/wp\/v2\/product\/1459","targetHints":{"allow":["GET"]}}],"collection":[{"href":"https:\/\/editorapaideia.com.br\/index.php\/wp-json\/wp\/v2\/product"}],"about":[{"href":"https:\/\/editorapaideia.com.br\/index.php\/wp-json\/wp\/v2\/types\/product"}],"replies":[{"embeddable":true,"href":"https:\/\/editorapaideia.com.br\/index.php\/wp-json\/wp\/v2\/comments?post=1459"}],"wp:featuredmedia":[{"embeddable":true,"href":"https:\/\/editorapaideia.com.br\/index.php\/wp-json\/wp\/v2\/media\/2282"}],"wp:attachment":[{"href":"https:\/\/editorapaideia.com.br\/index.php\/wp-json\/wp\/v2\/media?parent=1459"}],"wp:term":[{"taxonomy":"product_brand","embeddable":true,"href":"https:\/\/editorapaideia.com.br\/index.php\/wp-json\/wp\/v2\/product_brand?post=1459"},{"taxonomy":"product_cat","embeddable":true,"href":"https:\/\/editorapaideia.com.br\/index.php\/wp-json\/wp\/v2\/product_cat?post=1459"},{"taxonomy":"product_tag","embeddable":true,"href":"https:\/\/editorapaideia.com.br\/index.php\/wp-json\/wp\/v2\/product_tag?post=1459"}],"curies":[{"name":"wp","href":"https:\/\/api.w.org\/{rel}","templated":true}]}}