{"id":1419,"date":"2021-09-20T11:01:39","date_gmt":"2021-09-20T14:01:39","guid":{"rendered":"http:\/\/editorapaideia.com.br\/?post_type=product&#038;p=1419"},"modified":"2026-01-07T12:02:45","modified_gmt":"2026-01-07T15:02:45","slug":"herculano-pires-filosofo-e-poeta","status":"publish","type":"product","link":"https:\/\/editorapaideia.com.br\/index.php\/produto\/herculano-pires-filosofo-e-poeta\/","title":{"rendered":"HERCULANO PIRES FILOSOFO E POETA"},"content":{"rendered":"<p>Estudos, agrupados em um s\u00f3 livro, que buscam interpretar o pensamento filos\u00f3fico e po\u00e9tico de J. Herculano Pires, indo de fato \u00e0s profundidades do que escrevera.<\/p>\n","protected":false},"excerpt":{"rendered":"<p>Estudos, agrupados em um s\u00f3 livro, que buscam interpretar o pensamento filos\u00f3fico e po\u00e9tico de J. Herculano Pires, indo de fato \u00e0s profundidades do que escrevera.<\/p>\n","protected":false},"featured_media":1420,"comment_status":"open","ping_status":"closed","template":"","meta":{"_kadence_starter_templates_imported_post":false,"_kad_post_transparent":"default","_kad_post_title":"","_kad_post_layout":"default","_kad_post_sidebar_id":"","_kad_post_content_style":"default","_kad_post_vertical_padding":"default","_kad_post_feature":"","_kad_post_feature_position":"","_kad_post_header":false,"_kad_post_footer":false},"product_brand":[],"product_cat":[29],"product_tag":[],"class_list":{"0":"post-1419","1":"product","2":"type-product","3":"status-publish","4":"has-post-thumbnail","6":"product_cat-biografias","8":"first","9":"instock","10":"shipping-taxable","11":"purchasable","12":"product-type-simple","13":"entry","14":"content-bg","15":"loop-entry"},"_links":{"self":[{"href":"https:\/\/editorapaideia.com.br\/index.php\/wp-json\/wp\/v2\/product\/1419","targetHints":{"allow":["GET"]}}],"collection":[{"href":"https:\/\/editorapaideia.com.br\/index.php\/wp-json\/wp\/v2\/product"}],"about":[{"href":"https:\/\/editorapaideia.com.br\/index.php\/wp-json\/wp\/v2\/types\/product"}],"replies":[{"embeddable":true,"href":"https:\/\/editorapaideia.com.br\/index.php\/wp-json\/wp\/v2\/comments?post=1419"}],"wp:featuredmedia":[{"embeddable":true,"href":"https:\/\/editorapaideia.com.br\/index.php\/wp-json\/wp\/v2\/media\/1420"}],"wp:attachment":[{"href":"https:\/\/editorapaideia.com.br\/index.php\/wp-json\/wp\/v2\/media?parent=1419"}],"wp:term":[{"taxonomy":"product_brand","embeddable":true,"href":"https:\/\/editorapaideia.com.br\/index.php\/wp-json\/wp\/v2\/product_brand?post=1419"},{"taxonomy":"product_cat","embeddable":true,"href":"https:\/\/editorapaideia.com.br\/index.php\/wp-json\/wp\/v2\/product_cat?post=1419"},{"taxonomy":"product_tag","embeddable":true,"href":"https:\/\/editorapaideia.com.br\/index.php\/wp-json\/wp\/v2\/product_tag?post=1419"}],"curies":[{"name":"wp","href":"https:\/\/api.w.org\/{rel}","templated":true}]}}