{"id":236,"date":"2020-10-23T13:04:56","date_gmt":"2020-10-23T10:04:56","guid":{"rendered":"https:\/\/startertemplatecloud.com\/e02\/?post_type=product&#038;p=236"},"modified":"2025-12-22T16:46:29","modified_gmt":"2025-12-22T19:46:29","slug":"espiritismo-para-jovens","status":"publish","type":"product","link":"https:\/\/editorapaideia.com.br\/index.php\/produto\/espiritismo-para-jovens\/","title":{"rendered":"Espiritismo para Jovens"},"content":{"rendered":"<p><strong>Formato:<\/strong>\u00a014&#215;21 &#8211; 296 p\u00e1ginas<\/p>\n<p>O Espiritismo, doutrina consoladora por excel\u00eancia, tem por base a evolu\u00e7\u00e3o, a imortalidade, a reencarna\u00e7\u00e3o, a comunica\u00e7\u00e3o dos esp\u00edritos, a pluralidade dos mundos habitados, e como lema a m\u00e1xima \u201cfora da caridade n\u00e3o h\u00e1 salva\u00e7\u00e3o\u201d.<\/p>\n<p>N\u00e3o \u00e9, como muitos erradamente propagam, uma ci\u00eancia, nem uma filosofia, ou como alguns querem uma nova religi\u00e3o. \u00c9 uma doutrina dotada de aspecto cient\u00edfico, filos\u00f3fico e religioso, n\u00e3o havendo predomin\u00e2ncia de nenhum de seus aspectos.<\/p>\n","protected":false},"excerpt":{"rendered":"<p>O seu aspecto cient\u00edfico re\u00fane os fen\u00f4menos observados atrav\u00e9s da mediunidade; o filos\u00f3fico explica, firmado na l\u00f3gica, na raz\u00e3o, e com bom senso, as observa\u00e7\u00f5es cient\u00edficas; e o seu aspecto religioso, se constitui de um conjunto de normas e preceitos morais, e da interpreta\u00e7\u00e3o da Primeira e Segunda Revela\u00e7\u00f5es.<\/p>\n","protected":false},"featured_media":1269,"comment_status":"open","ping_status":"closed","template":"","meta":{"_kadence_starter_templates_imported_post":true,"_kad_post_transparent":"default","_kad_post_title":"","_kad_post_layout":"default","_kad_post_sidebar_id":"","_kad_post_content_style":"default","_kad_post_vertical_padding":"default","_kad_post_feature":"","_kad_post_feature_position":"","_kad_post_header":false,"_kad_post_footer":false},"product_brand":[],"product_cat":[31,19],"product_tag":[],"class_list":{"0":"post-236","1":"product","2":"type-product","3":"status-publish","4":"has-post-thumbnail","6":"product_cat-doutrina-espirita","7":"product_cat-estudos","9":"first","10":"instock","11":"featured","12":"shipping-taxable","13":"purchasable","14":"product-type-simple","15":"entry","16":"content-bg","17":"loop-entry"},"_links":{"self":[{"href":"https:\/\/editorapaideia.com.br\/index.php\/wp-json\/wp\/v2\/product\/236","targetHints":{"allow":["GET"]}}],"collection":[{"href":"https:\/\/editorapaideia.com.br\/index.php\/wp-json\/wp\/v2\/product"}],"about":[{"href":"https:\/\/editorapaideia.com.br\/index.php\/wp-json\/wp\/v2\/types\/product"}],"replies":[{"embeddable":true,"href":"https:\/\/editorapaideia.com.br\/index.php\/wp-json\/wp\/v2\/comments?post=236"}],"wp:featuredmedia":[{"embeddable":true,"href":"https:\/\/editorapaideia.com.br\/index.php\/wp-json\/wp\/v2\/media\/1269"}],"wp:attachment":[{"href":"https:\/\/editorapaideia.com.br\/index.php\/wp-json\/wp\/v2\/media?parent=236"}],"wp:term":[{"taxonomy":"product_brand","embeddable":true,"href":"https:\/\/editorapaideia.com.br\/index.php\/wp-json\/wp\/v2\/product_brand?post=236"},{"taxonomy":"product_cat","embeddable":true,"href":"https:\/\/editorapaideia.com.br\/index.php\/wp-json\/wp\/v2\/product_cat?post=236"},{"taxonomy":"product_tag","embeddable":true,"href":"https:\/\/editorapaideia.com.br\/index.php\/wp-json\/wp\/v2\/product_tag?post=236"}],"curies":[{"name":"wp","href":"https:\/\/api.w.org\/{rel}","templated":true}]}}